{"id":1650,"date":"2015-05-25T16:33:27","date_gmt":"2015-05-25T14:33:27","guid":{"rendered":"http:\/\/behavioralinsurance.web.fh-koeln.de\/?page_id=234"},"modified":"2021-03-29T19:04:45","modified_gmt":"2021-03-29T17:04:45","slug":"moral-und-ehrlichkeit","status":"publish","type":"page","link":"https:\/\/ivwkoeln.web.th-koeln.de\/versicherungsmarkt\/themenwelt\/moral-und-ehrlichkeit\/","title":{"rendered":"Moral und Ehrlichkeit"},"content":{"rendered":"<p style=\"text-align: justify;\"><img loading=\"lazy\" decoding=\"async\" class=\"alignleft wp-image-1037 size-medium\" src=\"http:\/\/behavioralinsurance.web.fh-koeln.de\/wp-content\/uploads\/2015\/06\/Moral_orange-300x300.png\" alt=\"Moral_orange\" width=\"300\" height=\"300\" srcset=\"https:\/\/ivwkoeln.web.th-koeln.de\/versicherungsmarkt\/wp-content\/uploads\/sites\/3\/2015\/06\/Moral_orange-300x300.png 300w, https:\/\/ivwkoeln.web.th-koeln.de\/versicherungsmarkt\/wp-content\/uploads\/sites\/3\/2015\/06\/Moral_orange-150x150.png 150w, https:\/\/ivwkoeln.web.th-koeln.de\/versicherungsmarkt\/wp-content\/uploads\/sites\/3\/2015\/06\/Moral_orange.png 512w\" sizes=\"auto, (max-width: 300px) 100vw, 300px\" \/><\/p>\n<p style=\"text-align: justify;\">Werden B\u00fcrger offen nach den Werten befragt, die ihnen besonders wichtig sind, so nennen sie spontan <strong>Ehrlichkeit<\/strong> am h\u00e4ufigsten (vgl. Yougov, 2013 Wertestudie 2013, S. 5-7).<\/p>\n<p style=\"text-align: justify;\">Einerseits halten sich fast alle Menschen im <strong>Selbstbild<\/strong> f\u00fcr gr\u00f6\u00dftenteils <strong>moralisch integer<\/strong>. Andererseits verhalten sich Menschen dem widersprechend auch immer wieder <strong>unehrlich<\/strong>. Der US-Verhaltens\u00f6konom Dan Ariely hat zu diesem Zusammenhang die Aussage formuliert, dass wir <strong>genau so viel betr\u00fcgen<\/strong>, wie wir <strong>mit unserem Selbstbild<\/strong> als einigerma\u00dfen ehrliche Menschen <strong>vereinbaren<\/strong> k\u00f6nnen (vgl. Demling, Spiegel Online 2012).<\/p>\n<p style=\"text-align: justify;\">Dieses Ph\u00e4nomen der Unehrlichkeit kommt auch h\u00e4ufig in der <strong>Versicherungsbranche<\/strong> vor. <strong>Informationsasymmetrien<\/strong> f\u00f6rdern zwischen <strong>Versicherungsnehmern und Versicherern<\/strong> die H\u00e4ufigkeit des Eintritts der F\u00e4lle von Unehrlichkeit. Au\u00dferdem kommt es h\u00e4ufig zu F\u00e4llen von <strong>Versicherungsbetrug<\/strong><\/p>\n<h3 style=\"text-align: justify;\"><span style=\"color: #ff6600;\"><strong>Das Thema Moral<\/strong><\/span><\/h3>\n<p style=\"text-align: justify;\"><strong>Moral Hazard bzw. das moralische Risiko<\/strong>\u00a0beschreibt allgemein das Risiko, dass der Abschluss eines Vertrags das Verhalten einer Partei insofern beeinflusst, dass diese sich <strong>risikofreudiger<\/strong> verh\u00e4lt, als dies ohne einen solchen Kontrakt gewesen w\u00e4re. Unter dem Begriff des moralischen Risikos kann man <strong>verschiedene Themen<\/strong> zusammenfassen, zu denen <strong>unter anderem<\/strong> auch das Thema <strong>Versicherungsbetrug <\/strong>als Straftat geh\u00f6rt. Das moralische Risiko besteht bei genauerer Betrachtung aus folgenden Komponenten:<\/p>\n<figure id=\"attachment_1225\" aria-describedby=\"caption-attachment-1225\" style=\"width: 674px\" class=\"wp-caption aligncenter\"><img loading=\"lazy\" decoding=\"async\" class=\"wp-image-1225\" src=\"https:\/\/ivwkoeln.web.th-koeln.de\/versicherungsmarkt\/wp-content\/uploads\/sites\/4\/2015\/06\/MR.png\" alt=\"MR\" width=\"684\" height=\"588\" srcset=\"https:\/\/ivwkoeln.web.th-koeln.de\/versicherungsmarkt\/wp-content\/uploads\/sites\/3\/2015\/06\/MR.png 916w, https:\/\/ivwkoeln.web.th-koeln.de\/versicherungsmarkt\/wp-content\/uploads\/sites\/3\/2015\/06\/MR-300x258.png 300w\" sizes=\"auto, (max-width: 684px) 100vw, 684px\" \/><figcaption id=\"caption-attachment-1225\" class=\"wp-caption-text\"><strong>Auspr\u00e4gungen des Moralischen Risikos<\/strong><\/figcaption><\/figure>\n<p style=\"text-align: justify;\">In diesem Zusammenhang wird das <strong>legale moralische Risiko<\/strong> und die <strong>versicherungsbedingte Verhaltens\u00e4nderung<\/strong> von Anbietern und Nachfragern auf <strong>Reparaturm\u00e4rkten<\/strong> dargestellt.<\/p>\n<p style=\"text-align: justify;\"><strong>Anbieter<\/strong> sind dabei alle Dienstleister, die entstandene Versicherungssch\u00e4den beheben (\u00c4rzte, Kfz-Werkst\u00e4tten, Handwerksbetriebe). <strong>Nachfrager<\/strong> sind alle Personen, die bei den Dienstleistern eine Dienstleistung zur Behebung entstandener Sch\u00e4den in Anspruch nehmen (versicherte oder gesch\u00e4digte Person).<\/p>\n<p style=\"text-align: justify;\">Das <strong>interne moralische Risiko<\/strong> beschreibt das <strong>Verh\u00e4ltnis zwischen Versicherungsnehmer und Versicherer<\/strong>. Das <strong>externe moralische Risiko<\/strong> beschreibt <strong>Verhaltensweisen von nur mittelbar am Versicherungsfall Beteiligten<\/strong> (z.B. von \u00c4rzten). Es tritt auf, wenn der Versicherer nicht unmittelbar dem Versicherungsnehmer Geld auszahlt, sondern die durch den Versicherungsfall entstandenen Ausgaben deckt (wie z.B. in der privaten Krankenversicherung), und die Entsch\u00e4digungsleistung einem Dritten auszahlt.<\/p>\n<p style=\"text-align: justify;\"><strong>Ex ante<\/strong> bedeutet <strong>vor<\/strong> dem <strong>Versicherungsfall<\/strong>. Der Versicherungsfall wird wahrscheinlicher bzw. die Schadenh\u00f6he gr\u00f6\u00dfer. Eine geeignete Gegenma\u00dfnahme stellt die Schadenpr\u00e4vention dar. <strong>Ex post<\/strong> bedeutet <strong>nach<\/strong> dem <strong>Versicherungsfall<\/strong>. Der Versicherungsnehmer entscheidet, ob und in welcher H\u00f6he das Ereignis eintritt. Ein Kranker in der Krankenversicherung entscheidet zum Beispiel vollkommen frei, ob er einen Arzt aufsucht oder nicht (vgl. Nell, 1998, Das moralische Risiko und seine Erscheinungsformen, S. 10 u. S. 23; vgl. Nell, 1993, Versicherungsinduzierte Verhaltens\u00e4nderungen von Versicherungsnehmern, S. 110).<\/p>\n<h3 style=\"text-align: justify;\"><span style=\"color: #ff6600;\">Das Thema Ehrlichkeit<\/span><\/h3>\n<p style=\"text-align: justify;\">Die <strong>Gr\u00fcnde f\u00fcr Unehrlichkeit<\/strong> sind sehr <strong>vielf\u00e4ltig<\/strong>. Im Vordergrund stehen f\u00fcr die meisten Menschen die eigenen Interessen. Treten also Interessenskonflikte auf, so verhalten wir uns gegen\u00fcber unseren Mitmenschen h\u00e4ufig unehrlich. Au\u00dferdem ist der \u201eeinfache Weg\u201c bzw. die Standardl\u00f6sung h\u00e4ufig das Resultat einer resignierenden Verhaltensweise am Ende einer langen, sehr erm\u00fcdenden Anstrengungsphase (beispielsweise bei Richtern, die \u00fcber den ganzen Tag verteilt sehr viele Urteile f\u00e4llen m\u00fcssen). H\u00e4ufig vergleichen Menschen sich auch gerne mit anderen und verweisen darauf, dass diese schlie\u00dflich ebenso handeln w\u00fcrden, um ihr eigenes Handeln zu rechtfertigen.<\/p>\n<p style=\"text-align: justify;\">Dennoch gibt es, auch bei Verkaufsgespr\u00e4chen in der Versicherungsbranche, <strong>M\u00f6glichkeiten, Menschen<\/strong> im Rahmen eines<strong> Priming<\/strong><strong> zu einem ehrlicheren Handeln zu motivieren<\/strong>. Insbesondere ist es m\u00f6glich, Menschen ihr <strong>unehrliches<\/strong> <strong>Handeln<\/strong> zu <strong>spiegeln<\/strong>, indem man sie beispielsweise beim Namen nennt und somit indirekt an ihr ehrliches Selbstverst\u00e4ndnis appeliert. Andererseits kann auch eine <strong>Unterschrift vor dem Abschluss des Vertrags<\/strong> ehrliche Angaben wie zum Beispiel den gefahrenen Kilometerstand des Autos bezwecken (vgl. Ariely, 2012, Die halbe Wahrheit ist die beste L\u00fcge, S. 129 ff.).<\/p>\n<p style=\"text-align: justify;\">In besonderem Ma\u00dfe muss allerdings auch das <strong>Ausma\u00df des Versicherungsbetrugs<\/strong> als spezielle Ausdrucksform der Kundenunehrlichkeit <strong>gemindert<\/strong> werden.<\/p>\n<p style=\"text-align: justify;\">Um dies zu erreichen, gilt es:<\/p>\n<p><a href=\"https:\/\/ivwkoeln.web.th-koeln.de\/versicherungsmarkt\/wp-content\/uploads\/sites\/4\/2015\/05\/Versicherungsbetrug.png\"><img loading=\"lazy\" decoding=\"async\" class=\" wp-image-533 aligncenter\" src=\"http:\/\/behavioralinsurance.web.fh-koeln.de\/wp-content\/uploads\/2015\/05\/Versicherungsbetrug-300x203.png\" alt=\"3 Formen von Versicherungsbetrug\" width=\"411\" height=\"278\" srcset=\"https:\/\/ivwkoeln.web.th-koeln.de\/versicherungsmarkt\/wp-content\/uploads\/sites\/3\/2015\/05\/Versicherungsbetrug-300x203.png 300w, https:\/\/ivwkoeln.web.th-koeln.de\/versicherungsmarkt\/wp-content\/uploads\/sites\/3\/2015\/05\/Versicherungsbetrug-768x519.png 768w, https:\/\/ivwkoeln.web.th-koeln.de\/versicherungsmarkt\/wp-content\/uploads\/sites\/3\/2015\/05\/Versicherungsbetrug.png 1020w\" sizes=\"auto, (max-width: 411px) 100vw, 411px\" \/><\/a><\/p>\n<h3><strong><span style=\"color: #ff6600;\">Weiterf\u00fchrende Literatur und Quellen:<\/span><\/strong><\/h3>\n<p>Zum Thema Moral<\/p>\n<ul>\n<li>Baumann, Marina: Das moralische Risiko in der Invalidit\u00e4tsversicherung \u2013 Erscheinungsformen und Steuerungsm\u00f6glichkeiten, K\u00f6ln: Universit\u00e4t K\u00f6ln, 2008.<\/li>\n<li>Bannier, Christina E.: Vertragstheorie \u2013 Eine Einf\u00fchrung mit finanz\u00f6konomischen Beispielen und Anwendungen, 1. Auflage, Heidelberg: Physica-Verlag, 2005.<\/li>\n<li>Dhaval, Dave; Kaestner, Robert: Health Insurance and ex ante moral hazard \u2013 Evidence from medicare, NBER Working Paper No. 12764, Cambridge Massachusetts (USA): National Bureau of Economic Research, 2006.<\/li>\n<li>Hintze, Iris: Asymmetrische Informationsverteilung auf dem Versicherungsmarkt, Frankfurt am Main: Johann Wolfgang Goethe-Universit\u00e4t, 2003.<\/li>\n<li>Mahler, Jil-Katharina: Moral Hazard in der gesetzlichen Krankenversicherung, 1. Auflage, M\u00fcnchen: Grin, 2007.<\/li>\n<li>Moayedi, Vafa: Moral Hazard in der gesetzlichen Pflegeversicherung nach SGB XI, K\u00f6ln: Universit\u00e4t K\u00f6ln, 2008 (zugl. Dissertation Universit\u00e4t K\u00f6ln, 2008).<\/li>\n<li>Nell, Martin: Das moralische Risiko und seine Erscheinungsformen, 1. Auflage, Karlsruhe: Verlag Versicherungswirtschaft, 1998.<\/li>\n<li>Nell, Martin: Versicherungsinduzierte Verhaltens\u00e4nderungen von Versicherungsnehmern \u2013 Eine Analyse der Substitutions-, Moral Hazard- und Markteffekte unter besonderer Ber\u00fccksichtigung der Krankenversicherung, 1. Auflage, Karlsruhe: Verlag Versicherungswirtschaft, 1993.<\/li>\n<li>Nguyen, Tristan; Lindenmeier, J\u00f6rg: Individuelles Gesundheitsverhalten bei Moral Hazard \u2013 theoretische Grundlagen und der Einsatz mobiler Endger\u00e4te als L\u00f6sungsm\u00f6glichkeit, Lahr: AKAD, Wissenschaftliche Hochschule Lahr, 2011.<\/li>\n<li>Osmers, Henning; Vauth, Christoph: Empirische Erfahrungen Versichertenverhalten zu steuern, Diskussionspapier Nr. 297, Hannover: Universit\u00e4t Hannover, 2004.<\/li>\n<li>Pauly, Mark V.: Overinsurance and Public Provision of Insurance \u2013 The Roles of Moral Hazard and Adverse Selection, in: The Quarterly Journal of Economics, Vol. 88, No. 1, Feb., 1974.<\/li>\n<li>Schrey\u00f6gg, Jonas: Demographic development and moral hazard &#8211; Health insurance with medical savings accounts, Berlin: Technische Universit\u00e4t Berlin, 2004.<\/li>\n<li><a href=\"http:\/\/www.ivbl.uni-hannover.de\/fileadmin\/versicherung\/Jahresberichte\/Jahresbericht1996\/versicherung.pdf\">http:\/\/www.ivbl.uni-hannover.de\/fileadmin\/versicherung\/Jahresberichte\/Jahresbericht1996\/versicherung.pdf<\/a><\/li>\n<li><a href=\"http:\/\/www.wiwi.uni-muenster.de\/06\/toplinks\/glossar\/glossar.php?begriff=37\">http:\/\/www.wiwi.uni-muenster.de\/06\/toplinks\/glossar\/glossar.php?begriff=37<\/a><\/li>\n<\/ul>\n<p>Zum Thema Ehrlichkeit<\/p>\n<ul>\n<li>Ariely, Dan: Die halbe Wahrheit ist die beste L\u00fcge, 1. Auflage, M\u00fcnchen: Droemer HC, 2012.<\/li>\n<li>Blumensaat, Denise: Strategien zur Steuerung des Versicherungsbetrugsrisikos, K\u00f6ln: Universit\u00e4t K\u00f6ln, 2011.<\/li>\n<li>Drathen, Florian: Versicherungsbetrug &#8211; vertragstheoretische Betrachtung und Einflussfaktoren, K\u00f6ln: Universit\u00e4t K\u00f6ln, 2011.<\/li>\n<li>Edelbacher, Max; Theil, Michael: Kriminalit\u00e4t gegen Versicherungen, 1. Auflage, Wien: Linde Verlag Ges.m.b.H., 2008.<\/li>\n<li>Knoll, Jessica: Management von Betrugsrisiken in Versicherungsunternehmen \u2013 Wettbewerb und Regulierung von M\u00e4rkten und Unternehmen, 1. Auflage, Baden-Baden: Nomos, 2011.<\/li>\n<li>Lammers, Frauke; Schiller, J\u00f6rg: Contract design and insurance fraud \u2013 An experimental investigation, Hohenheim: Universit\u00e4t Hohenheim, Forschungszentrum Innovation und Dienstleistung, 2010.<\/li>\n<li>Meier, Christian: M\u00f6glichkeiten zur Abwehr des Versicherungsbetrugs, K\u00f6ln: Universit\u00e4t K\u00f6ln, 2004.<\/li>\n<li>Me\u00dfmer, Mark Oliver: Versicherungsbetrug &#8211; Volkssport ohne Nebenwirkungen, 1. Auflage, Bucholz: Ethos Verlag, 2009.<\/li>\n<li>K\u00f6neke, Vanessa; M\u00fcller-Peters, Horst; Fetchenhauer, Detlef: Versicherungsbetrug verstehen und verhindern, 1. Auflage, Wiesbaden: Springer Gabler, 2015.<\/li>\n<li><a href=\"http:\/\/www.focus.de\/finanzen\/recht\/verbraucher-versicherter-darf-bei-betrugsverdacht-observiert-werden_aid_1013993.html\">http:\/\/www.focus.de\/finanzen\/recht\/verbraucher-versicherter-darf-bei-betrugsverdacht-observiert-werden_aid_1013993.html<\/a><\/li>\n<li><a href=\"http:\/\/www.focus.de\/finanzen\/videos\/volkssport-versicherungsbetrug-nachzahlung-anzeige-rausschmiss-wie-versicherer-betrueger-ueberfuehren_id_3972164.html\">http:\/\/www.focus.de\/finanzen\/videos\/volkssport-versicherungsbetrug-nachzahlung-anzeige-rausschmiss-wie-versicherer-betrueger-ueberfuehren_id_3972164.html<\/a><\/li>\n<li><a href=\"http:\/\/www.gdv.de\/versicherungsbetrug\/\">http:\/\/www.gdv.de\/versicherungsbetrug\/<\/a><\/li>\n<li><a href=\"http:\/\/www.geldidee.de\/magazin\/versicherung\/versicherungsbetrug-durch-falsche-angaben\">http:\/\/www.geldidee.de\/magazin\/versicherung\/versicherungsbetrug-durch-falsche-angaben<\/a><\/li>\n<li><a href=\"http:\/\/www.gruenderlexikon.de\/magazin\/versicherungsbetrug-unternehmer-im-visier-der-assekuranzen\">http:\/\/www.gruenderlexikon.de\/magazin\/versicherungsbetrug-unternehmer-im-visier-der-assekuranzen<\/a><\/li>\n<li><a href=\"http:\/\/www.handelsblatt.com\/finanzen\/vorsorge\/versicherung\/milliardenaufwand-fuer-die-unternehmen-versicherungsbetrug-wird-zu-einem-ernsten-problem\/8370068.html\">http:\/\/www.handelsblatt.com\/finanzen\/vorsorge\/versicherung\/milliardenaufwand-fuer-die-unternehmen-versicherungsbetrug-wird-zu-einem-ernsten-problem\/8370068.html<\/a><\/li>\n<li><a href=\"http:\/\/www.it-finanzmagazin.de\/aufdecken-von-versicherungsbetrug-fraunhofer-entwickelt-system-zur-manipulationserkennung-12869\/\">http:\/\/www.it-finanzmagazin.de\/aufdecken-von-versicherungsbetrug-fraunhofer-entwickelt-system-zur-manipulationserkennung-12869\/<\/a><\/li>\n<li><a href=\"http:\/\/www.stern.de\/wirtschaft\/versicherung\/ratgeber-versicherung\/versicherungsbetrug-die-krassesten-faelle-2153740.html\">http:\/\/www.stern.de\/wirtschaft\/versicherung\/ratgeber-versicherung\/versicherungsbetrug-die-krassesten-faelle-2153740.html<\/a><\/li>\n<li><a href=\"https:\/\/www.test.de\/Versicherungsbetrug-Das-machen-doch-alle-4716908-0\/\">https:\/\/www.test.de\/Versicherungsbetrug-Das-machen-doch-alle-4716908-0\/<\/a><\/li>\n<li><a href=\"http:\/\/www.vergleich.de\/informationen\/newsletterartikel\/06-mai-2013\/schummeln-erlaubt-warum-versicherungsbetrug-keine-bagatelle-ist.html\">http:\/\/www.vergleich.de\/informationen\/newsletterartikel\/06-mai-2013\/schummeln-erlaubt-warum-versicherungsbetrug-keine-bagatelle-ist.html<\/a><\/li>\n<li><a href=\"http:\/\/www.welt.de\/finanzen\/verbraucher\/article129227838\/Versicherungsbetrug-ist-Volkssport-in-Deutschland.html\">http:\/\/www.welt.de\/finanzen\/verbraucher\/article129227838\/Versicherungsbetrug-ist-Volkssport-in-Deutschland.html<\/a><\/li>\n<li><a href=\"http:\/\/www.wiwo.de\/finanzen\/vorsorge\/kein-kavaliersdelikt-volkssport-versicherungsbetrug-lohnt-sich-nicht\/9912882.html\">http:\/\/www.wiwo.de\/finanzen\/vorsorge\/kein-kavaliersdelikt-volkssport-versicherungsbetrug-lohnt-sich-nicht\/9912882.html<\/a><\/li>\n<li><a href=\"http:\/\/www.zinsen.de\/ratenkredit\/versicherungsbetrug\/\">http:\/\/www.zinsen.de\/ratenkredit\/versicherungsbetrug\/<\/a><\/li>\n<\/ul>\n<p><a href=\"https:\/\/www.youtube.com\/watch?v=XH70zIJP5cM\">https:\/\/www.youtube.com\/watch?v=XH70zIJP5cM<\/a> (Erkl\u00e4rung Begriff an der Flipchart)<\/p>\n<p><a href=\"https:\/\/www.youtube.com\/watch?v=HxPfJ0RpVaw\">https:\/\/www.youtube.com\/watch?v=HxPfJ0RpVaw<\/a> (Erkl\u00e4rung Begriff mit gezeichneten kleinen Bildern)<\/p>\n<p><a href=\"https:\/\/www.youtube.com\/watch?v=_SdtoKeFTi0\">https:\/\/www.youtube.com\/watch?v=_SdtoKeFTi0<\/a> (Erkl\u00e4rung Begriff durch Vortrag mit eingespielten Bildern, Fokus auf Beispiel Finanzkrise)<\/p>\n<p><a href=\"https:\/\/www.youtube.com\/watch?v=RgTdjlbPUuQ\">https:\/\/www.youtube.com\/watch?v=RgTdjlbPUuQ<\/a> (Erkl\u00e4rung Begriff durch eingespielten Text und Bilder, die musikalisch hinterlegt sind, sehr \u00fcbersichtlich mit guten Beispielen)<\/p>\n<p>Vgl. Nell, 1998 Karlsruhe, Das moralische Risiko und seine Erscheinungsformen, S. 10 u. S. 23.<\/p>\n<p>Vgl. Nell, 1993 Karlsruhe, Versicherungsinduzierte Verhaltens\u00e4nderungen von Versicherungsnehmern, S. 110.<\/p>\n<p>Vgl. Kr\u00f6ger, 2015 K\u00f6ln, Pr\u00e4sentation: Versicherungsbedingte Verhaltens\u00e4nderungen von Anbietern und Nachfragern in Reparaturm\u00e4rkten.<\/p>\n<p>Vgl. Ariely, 2012 Durham North Carolina (USA), Die halbe Wahrheit ist die beste L\u00fcge, S. 129 ff.<\/p>\n<p>Vgl. M\u00fcller-Peters, 2015 K\u00f6ln, Pr\u00e4sentation: Versicherungsbetrug.<\/p>\n","protected":false},"excerpt":{"rendered":"<p>Werden B\u00fcrger offen nach den Werten befragt, die ihnen besonders wichtig sind, so nennen sie spontan Ehrlichkeit am h\u00e4ufigsten (vgl. Yougov, 2013 Wertestudie 2013, S. 5-7). Einerseits halten sich fast alle Menschen im Selbstbild f\u00fcr gr\u00f6\u00dftenteils moralisch integer. Andererseits verhalten sich Menschen dem widersprechend auch immer wieder unehrlich. Der US-Verhaltens\u00f6konom Dan Ariely hat zu diesem &#8230; <a title=\"Moral und Ehrlichkeit\" class=\"read-more\" href=\"https:\/\/ivwkoeln.web.th-koeln.de\/versicherungsmarkt\/themenwelt\/moral-und-ehrlichkeit\/\" aria-label=\"Mehr Informationen \u00fcber Moral und Ehrlichkeit\">Weiterlesen &#8230;<\/a><\/p>\n","protected":false},"author":1,"featured_media":0,"parent":182,"menu_order":0,"comment_status":"closed","ping_status":"closed","template":"","meta":{"footnotes":""},"class_list":["post-1650","page","type-page","status-publish"],"_links":{"self":[{"href":"https:\/\/ivwkoeln.web.th-koeln.de\/versicherungsmarkt\/wp-json\/wp\/v2\/pages\/1650","targetHints":{"allow":["GET"]}}],"collection":[{"href":"https:\/\/ivwkoeln.web.th-koeln.de\/versicherungsmarkt\/wp-json\/wp\/v2\/pages"}],"about":[{"href":"https:\/\/ivwkoeln.web.th-koeln.de\/versicherungsmarkt\/wp-json\/wp\/v2\/types\/page"}],"author":[{"embeddable":true,"href":"https:\/\/ivwkoeln.web.th-koeln.de\/versicherungsmarkt\/wp-json\/wp\/v2\/users\/1"}],"replies":[{"embeddable":true,"href":"https:\/\/ivwkoeln.web.th-koeln.de\/versicherungsmarkt\/wp-json\/wp\/v2\/comments?post=1650"}],"version-history":[{"count":1,"href":"https:\/\/ivwkoeln.web.th-koeln.de\/versicherungsmarkt\/wp-json\/wp\/v2\/pages\/1650\/revisions"}],"predecessor-version":[{"id":2506,"href":"https:\/\/ivwkoeln.web.th-koeln.de\/versicherungsmarkt\/wp-json\/wp\/v2\/pages\/1650\/revisions\/2506"}],"up":[{"embeddable":true,"href":"https:\/\/ivwkoeln.web.th-koeln.de\/versicherungsmarkt\/wp-json\/wp\/v2\/pages\/182"}],"wp:attachment":[{"href":"https:\/\/ivwkoeln.web.th-koeln.de\/versicherungsmarkt\/wp-json\/wp\/v2\/media?parent=1650"}],"curies":[{"name":"wp","href":"https:\/\/api.w.org\/{rel}","templated":true}]}}